{"id":4802,"date":"2022-08-22T20:44:31","date_gmt":"2022-08-22T20:44:31","guid":{"rendered":"https:\/\/www.diputadosmorena.org.mx\/diputados\/alejandra-pani\/?page_id=4802"},"modified":"2022-08-22T21:06:14","modified_gmt":"2022-08-22T21:06:14","slug":"eventos","status":"publish","type":"page","link":"https:\/\/www.diputadosmorena.org.mx\/diputados\/alejandra-pani\/eventos\/","title":{"rendered":"Eventos"},"content":{"rendered":"\t\t<div data-elementor-type=\"wp-page\" data-elementor-id=\"4802\" class=\"elementor elementor-4802\">\n\t\t\t\t\t\t\t<div class=\"elementor-element elementor-element-e359f98 e-container--column e-container\" data-id=\"e359f98\" data-element_type=\"container\" data-settings=\"{&quot;background_background&quot;:&quot;classic&quot;}\">\t\t<div class=\"elementor-element elementor-element-a6cb387 e-container--column e-container\" data-id=\"a6cb387\" data-element_type=\"container\">\t\t\t\t<div class=\"elementor-element elementor-element-de11aae elementor-widget elementor-widget-heading\" data-id=\"de11aae\" data-element_type=\"widget\" data-widget_type=\"heading.default\">\n\t\t\t\t<div class=\"elementor-widget-container\">\n\t\t\t<style>\/*! elementor - v3.7.8 - 02-10-2022 *\/\n.elementor-heading-title{padding:0;margin:0;line-height:1}.elementor-widget-heading .elementor-heading-title[class*=elementor-size-]>a{color:inherit;font-size:inherit;line-height:inherit}.elementor-widget-heading .elementor-heading-title.elementor-size-small{font-size:15px}.elementor-widget-heading .elementor-heading-title.elementor-size-medium{font-size:19px}.elementor-widget-heading .elementor-heading-title.elementor-size-large{font-size:29px}.elementor-widget-heading .elementor-heading-title.elementor-size-xl{font-size:39px}.elementor-widget-heading .elementor-heading-title.elementor-size-xxl{font-size:59px}<\/style><h2 class=\"elementor-heading-title elementor-size-default\">Eventos<\/h2>\t\t<\/div>\n\t\t\t\t<\/div>\n\t\t<\/div><\/div><div class=\"elementor-element elementor-element-c9ccdaf e-container--column e-container\" data-id=\"c9ccdaf\" data-element_type=\"container\">\t\t\t\t<div class=\"elementor-element elementor-element-b417710 elementor-widget elementor-widget-shortcode\" data-id=\"b417710\" data-element_type=\"widget\" data-widget_type=\"shortcode.default\">\n\t\t\t\t<div class=\"elementor-widget-container\">\n\t\t\t\t\t<div class=\"elementor-shortcode\"><div class=\"glob-container\"><div class=\"notice-container event-container-out\">\r\n\t\t<div class=\"content-container event-container\">\r\n\t\t\t<div class=\"left-content\">\r\n\t\t\t\t<a href=\"https:\/\/diputadosmorena.org.mx\/conversatorio\/\" class=\"image-link\" target=\"_blank\"> <img loading=\"lazy\" src=\"https:\/\/diputadosmorena.org.mx\/wp-content\/uploads\/2023\/05\/WhatsApp-Image-2023-05-29-at-17.19.57.jpeg\" class=\"img-responsive\" width=\"500\" height=\"355\" alt=\"Thumbnail\">\r\n\t\t\t\t<\/a>\r\n\t\t\t<\/div>\r\n\r\n\t\t\t<div class=\"right-content\">\r\n\t\t\t\t<div class=\"title-container\">\r\n\t\t\t\t\t<h4 class=\"title\"><a href=\"https:\/\/diputadosmorena.org.mx\/conversatorio\/\" class=\"title-link\" target=\"_blank\">Conversatorio<\/a><\/h4>\r\n\t\t\t\t<\/div>\r\n\t\t\t\t<div class=\"date-container\">\r\n\t\t\t\t\t<span class=\"date\">\r\n\t\t\t\t\t\t<i aria-hidden=\"true\" class=\"far fa-calendar-alt\"><\/i> 29\/05\/2023\r\n\t\t\t\t\t<\/span>\r\n\t\t\t\t<\/div>\r\n\r\n\t\t\t\t<div class=\"excerpt-container\">\r\n\t\t\t\t\t<div class=\"excerpt\">\r\n\t\t\t\t\t\t<p>Ent\u00e9rate de las mesas de an\u00e1lisis y debate respecto de la consulta popular para revisar y, en su caso, modificar el procedimiento de designaci\u00f3n de las ministras y ministros de la Suprema Corte de Justicia de la Naci\u00f3n.<\/p>\n\r\n\t\t\t\t\t<\/div>\r\n\t\t\t\t<\/div>\r\n                <div class=\"see-more-container\">\r\n                    <div class=\"see-more\">\r\n                        <a href=\"https:\/\/diputadosmorena.org.mx\/conversatorio\/\" target=\"_blank\">Leer mas <i aria-hidden=\"true\" class=\"right-icon fas fa-arrow-alt-circle-right\"><\/i><\/a>\r\n                    <\/div>\r\n                <\/div>\r\n\t\t\t<\/div>\r\n\t\t<\/div>\r\n\t<\/div>\r\n<div class=\"notice-container event-container-out\">\r\n\t\t<div class=\"content-container event-container\">\r\n\t\t\t<div class=\"left-content\">\r\n\t\t\t\t<a href=\"https:\/\/diputadosmorena.org.mx\/semana-de-puebla-en-san-lazaro-en-el-marco-del-492-aniversario-de-la-fundacion-de-puebla\/\" class=\"image-link\" target=\"_blank\"> <img loading=\"lazy\" src=\"https:\/\/diputadosmorena.org.mx\/wp-content\/uploads\/2023\/04\/SEMANA-DE-PUEBLA.jpeg\" class=\"img-responsive\" width=\"500\" height=\"355\" alt=\"Thumbnail\">\r\n\t\t\t\t<\/a>\r\n\t\t\t<\/div>\r\n\r\n\t\t\t<div class=\"right-content\">\r\n\t\t\t\t<div class=\"title-container\">\r\n\t\t\t\t\t<h4 class=\"title\"><a href=\"https:\/\/diputadosmorena.org.mx\/semana-de-puebla-en-san-lazaro-en-el-marco-del-492-aniversario-de-la-fundacion-de-puebla\/\" class=\"title-link\" target=\"_blank\">\u201cSemana de Puebla\u201d en San L\u00e1zaro, en el marco del 492 aniversario de la fundaci\u00f3n de Puebla<\/a><\/h4>\r\n\t\t\t\t<\/div>\r\n\t\t\t\t<div class=\"date-container\">\r\n\t\t\t\t\t<span class=\"date\">\r\n\t\t\t\t\t\t<i aria-hidden=\"true\" class=\"far fa-calendar-alt\"><\/i> 24\/05\/2023\r\n\t\t\t\t\t<\/span>\r\n\t\t\t\t<\/div>\r\n\r\n\t\t\t\t<div class=\"excerpt-container\">\r\n\t\t\t\t\t<div class=\"excerpt\">\r\n\t\t\t\t\t\t<p>Inaugura Ignacio Mier la \u201cSemana de Puebla\u201d en San L\u00e1zaro, en el marco del 492 aniversario de la fundaci\u00f3n de Puebla<\/p>\n\r\n\t\t\t\t\t<\/div>\r\n\t\t\t\t<\/div>\r\n                <div class=\"see-more-container\">\r\n                    <div class=\"see-more\">\r\n                        <a href=\"https:\/\/diputadosmorena.org.mx\/semana-de-puebla-en-san-lazaro-en-el-marco-del-492-aniversario-de-la-fundacion-de-puebla\/\" target=\"_blank\">Leer mas <i aria-hidden=\"true\" class=\"right-icon fas fa-arrow-alt-circle-right\"><\/i><\/a>\r\n                    <\/div>\r\n                <\/div>\r\n\t\t\t<\/div>\r\n\t\t<\/div>\r\n\t<\/div>\r\n<div class=\"notice-container event-container-out\">\r\n\t\t<div class=\"content-container event-container\">\r\n\t\t\t<div class=\"left-content\">\r\n\t\t\t\t<a href=\"https:\/\/diputadosmorena.org.mx\/inicio-de-periodo-ordinario\/\" class=\"image-link\" target=\"_blank\"> <img loading=\"lazy\" src=\"https:\/\/diputadosmorena.org.mx\/wp-content\/uploads\/2023\/02\/2_bannerr.jpg\" class=\"img-responsive\" width=\"500\" height=\"355\" alt=\"Thumbnail\">\r\n\t\t\t\t<\/a>\r\n\t\t\t<\/div>\r\n\r\n\t\t\t<div class=\"right-content\">\r\n\t\t\t\t<div class=\"title-container\">\r\n\t\t\t\t\t<h4 class=\"title\"><a href=\"https:\/\/diputadosmorena.org.mx\/inicio-de-periodo-ordinario\/\" class=\"title-link\" target=\"_blank\">Inicio de Periodo Ordinario<\/a><\/h4>\r\n\t\t\t\t<\/div>\r\n\t\t\t\t<div class=\"date-container\">\r\n\t\t\t\t\t<span class=\"date\">\r\n\t\t\t\t\t\t<i aria-hidden=\"true\" class=\"far fa-calendar-alt\"><\/i> 01\/02\/2023\r\n\t\t\t\t\t<\/span>\r\n\t\t\t\t<\/div>\r\n\r\n\t\t\t\t<div class=\"excerpt-container\">\r\n\t\t\t\t\t<div class=\"excerpt\">\r\n\t\t\t\t\t\t<p>Vamos en unidad para seguir impulsando la Transformaci\u00f3n que merecemos. \u00a1La Cuarta Transformaci\u00f3n que orgullosamente representamos!<\/p>\n\r\n\t\t\t\t\t<\/div>\r\n\t\t\t\t<\/div>\r\n                <div class=\"see-more-container\">\r\n                    <div class=\"see-more\">\r\n                        <a href=\"https:\/\/diputadosmorena.org.mx\/inicio-de-periodo-ordinario\/\" target=\"_blank\">Leer mas <i aria-hidden=\"true\" class=\"right-icon fas fa-arrow-alt-circle-right\"><\/i><\/a>\r\n                    <\/div>\r\n                <\/div>\r\n\t\t\t<\/div>\r\n\t\t<\/div>\r\n\t<\/div>\r\n<div class=\"notice-container event-container-out\">\r\n\t\t<div class=\"content-container event-container\">\r\n\t\t\t<div class=\"left-content\">\r\n\t\t\t\t<a href=\"https:\/\/diputadosmorena.org.mx\/cuarta-reunion-plenaria-del-grupo-parlamentario-de-morena\/\" class=\"image-link\" target=\"_blank\"> <img loading=\"lazy\" src=\"https:\/\/diputadosmorena.org.mx\/wp-content\/uploads\/2023\/02\/banner-1.jpg\" class=\"img-responsive\" width=\"500\" height=\"355\" alt=\"Thumbnail\">\r\n\t\t\t\t<\/a>\r\n\t\t\t<\/div>\r\n\r\n\t\t\t<div class=\"right-content\">\r\n\t\t\t\t<div class=\"title-container\">\r\n\t\t\t\t\t<h4 class=\"title\"><a href=\"https:\/\/diputadosmorena.org.mx\/cuarta-reunion-plenaria-del-grupo-parlamentario-de-morena\/\" class=\"title-link\" target=\"_blank\">Cuarta Reuni\u00f3n Plenaria del Grupo Parlamentario de Morena<\/a><\/h4>\r\n\t\t\t\t<\/div>\r\n\t\t\t\t<div class=\"date-container\">\r\n\t\t\t\t\t<span class=\"date\">\r\n\t\t\t\t\t\t<i aria-hidden=\"true\" class=\"far fa-calendar-alt\"><\/i> 01\/02\/2023\r\n\t\t\t\t\t<\/span>\r\n\t\t\t\t<\/div>\r\n\r\n\t\t\t\t<div class=\"excerpt-container\">\r\n\t\t\t\t\t<div class=\"excerpt\">\r\n\t\t\t\t\t\t<p>Morena en la C\u00e1mara de Diputados desarrollar\u00e1 su reuni\u00f3n plenaria en Ciudad de M\u00e9xico y Estado de M\u00e9xico.<\/p>\n\r\n\t\t\t\t\t<\/div>\r\n\t\t\t\t<\/div>\r\n                <div class=\"see-more-container\">\r\n                    <div class=\"see-more\">\r\n                        <a href=\"https:\/\/diputadosmorena.org.mx\/cuarta-reunion-plenaria-del-grupo-parlamentario-de-morena\/\" target=\"_blank\">Leer mas <i aria-hidden=\"true\" class=\"right-icon fas fa-arrow-alt-circle-right\"><\/i><\/a>\r\n                    <\/div>\r\n                <\/div>\r\n\t\t\t<\/div>\r\n\t\t<\/div>\r\n\t<\/div>\r\n<div class=\"notice-container event-container-out\">\r\n\t\t<div class=\"content-container event-container\">\r\n\t\t\t<div class=\"left-content\">\r\n\t\t\t\t<a href=\"https:\/\/diputadosmorena.org.mx\/asambleas-informativas-para-la-reforma-electoral\/\" class=\"image-link\" target=\"_blank\"> <img loading=\"lazy\" src=\"https:\/\/diputadosmorena.org.mx\/wp-content\/uploads\/2022\/08\/banner-asambleas-reforma-electoral.jpg\" class=\"img-responsive\" width=\"500\" height=\"355\" alt=\"Thumbnail\">\r\n\t\t\t\t<\/a>\r\n\t\t\t<\/div>\r\n\r\n\t\t\t<div class=\"right-content\">\r\n\t\t\t\t<div class=\"title-container\">\r\n\t\t\t\t\t<h4 class=\"title\"><a href=\"https:\/\/diputadosmorena.org.mx\/asambleas-informativas-para-la-reforma-electoral\/\" class=\"title-link\" target=\"_blank\">Asambleas Informativas para la Reforma Electoral<\/a><\/h4>\r\n\t\t\t\t<\/div>\r\n\t\t\t\t<div class=\"date-container\">\r\n\t\t\t\t\t<span class=\"date\">\r\n\t\t\t\t\t\t<i aria-hidden=\"true\" class=\"far fa-calendar-alt\"><\/i> 19\/08\/2022\r\n\t\t\t\t\t<\/span>\r\n\t\t\t\t<\/div>\r\n\r\n\t\t\t\t<div class=\"excerpt-container\">\r\n\t\t\t\t\t<div class=\"excerpt\">\r\n\t\t\t\t\t\t<p>\u00a1Luchemos por el cambio! \u00danete hoy a las asambleas informativas por la Reforma Electoral.<\/p>\n\r\n\t\t\t\t\t<\/div>\r\n\t\t\t\t<\/div>\r\n                <div class=\"see-more-container\">\r\n                    <div class=\"see-more\">\r\n                        <a href=\"https:\/\/diputadosmorena.org.mx\/asambleas-informativas-para-la-reforma-electoral\/\" target=\"_blank\">Leer mas <i aria-hidden=\"true\" class=\"right-icon fas fa-arrow-alt-circle-right\"><\/i><\/a>\r\n                    <\/div>\r\n                <\/div>\r\n\t\t\t<\/div>\r\n\t\t<\/div>\r\n\t<\/div>\r\n<div class=\"notice-container event-container-out\">\r\n\t\t<div class=\"content-container event-container\">\r\n\t\t\t<div class=\"left-content\">\r\n\t\t\t\t<a href=\"https:\/\/diputadosmorena.org.mx\/reforma-electoral\/\" class=\"image-link\" target=\"_blank\"> <img loading=\"lazy\" src=\"https:\/\/diputadosmorena.org.mx\/wp-content\/uploads\/2022\/08\/banner-reforma-electoral.png\" class=\"img-responsive\" width=\"500\" height=\"355\" alt=\"Thumbnail\">\r\n\t\t\t\t<\/a>\r\n\t\t\t<\/div>\r\n\r\n\t\t\t<div class=\"right-content\">\r\n\t\t\t\t<div class=\"title-container\">\r\n\t\t\t\t\t<h4 class=\"title\"><a href=\"https:\/\/diputadosmorena.org.mx\/reforma-electoral\/\" class=\"title-link\" target=\"_blank\">Foros del Parlamento Abierto  para la Reforma Electoral<\/a><\/h4>\r\n\t\t\t\t<\/div>\r\n\t\t\t\t<div class=\"date-container\">\r\n\t\t\t\t\t<span class=\"date\">\r\n\t\t\t\t\t\t<i aria-hidden=\"true\" class=\"far fa-calendar-alt\"><\/i> 19\/08\/2022\r\n\t\t\t\t\t<\/span>\r\n\t\t\t\t<\/div>\r\n\r\n\t\t\t\t<div class=\"excerpt-container\">\r\n\t\t\t\t\t<div class=\"excerpt\">\r\n\t\t\t\t\t\t<p>Foros del Parlamento para la REFORMA ELECTORAL Apartir del 26 de Julio Ent\u00e9rate | Inf\u00f3rmate | Participa<\/p>\n\r\n\t\t\t\t\t<\/div>\r\n\t\t\t\t<\/div>\r\n                <div class=\"see-more-container\">\r\n                    <div class=\"see-more\">\r\n                        <a href=\"https:\/\/diputadosmorena.org.mx\/reforma-electoral\/\" target=\"_blank\">Leer mas <i aria-hidden=\"true\" class=\"right-icon fas fa-arrow-alt-circle-right\"><\/i><\/a>\r\n                    <\/div>\r\n                <\/div>\r\n\t\t\t<\/div>\r\n\t\t<\/div>\r\n\t<\/div>\r\n<\/div>\n\n<\/div>\n\t\t\t\t<\/div>\n\t\t\t\t<\/div>\n\t\t<\/div>\t\t\t\t\t<\/div>\n\t\t","protected":false},"excerpt":{"rendered":"<p>Eventos<\/p>\n","protected":false},"author":1,"featured_media":0,"parent":0,"menu_order":0,"comment_status":"closed","ping_status":"closed","template":"","meta":[],"blocksy_meta":{"styles_descriptor":{"styles":{"desktop":"","tablet":"","mobile":""},"google_fonts":[],"version":5}},"_links":{"self":[{"href":"https:\/\/www.diputadosmorena.org.mx\/diputados\/alejandra-pani\/wp-json\/wp\/v2\/pages\/4802"}],"collection":[{"href":"https:\/\/www.diputadosmorena.org.mx\/diputados\/alejandra-pani\/wp-json\/wp\/v2\/pages"}],"about":[{"href":"https:\/\/www.diputadosmorena.org.mx\/diputados\/alejandra-pani\/wp-json\/wp\/v2\/types\/page"}],"author":[{"embeddable":true,"href":"https:\/\/www.diputadosmorena.org.mx\/diputados\/alejandra-pani\/wp-json\/wp\/v2\/users\/1"}],"replies":[{"embeddable":true,"href":"https:\/\/www.diputadosmorena.org.mx\/diputados\/alejandra-pani\/wp-json\/wp\/v2\/comments?post=4802"}],"version-history":[{"count":7,"href":"https:\/\/www.diputadosmorena.org.mx\/diputados\/alejandra-pani\/wp-json\/wp\/v2\/pages\/4802\/revisions"}],"predecessor-version":[{"id":4825,"href":"https:\/\/www.diputadosmorena.org.mx\/diputados\/alejandra-pani\/wp-json\/wp\/v2\/pages\/4802\/revisions\/4825"}],"wp:attachment":[{"href":"https:\/\/www.diputadosmorena.org.mx\/diputados\/alejandra-pani\/wp-json\/wp\/v2\/media?parent=4802"}],"curies":[{"name":"wp","href":"https:\/\/api.w.org\/{rel}","templated":true}]}}