{"id":3,"date":"2022-08-19T15:50:21","date_gmt":"2022-08-19T15:50:21","guid":{"rendered":"https:\/\/www.diputadosmorena.org.mx\/diputados\/julio-moreno\/?page_id=3"},"modified":"2022-08-22T16:00:48","modified_gmt":"2022-08-22T16:00:48","slug":"aviso-privacidad","status":"publish","type":"page","link":"https:\/\/www.diputadosmorena.org.mx\/diputados\/julio-moreno\/aviso-privacidad\/","title":{"rendered":"Aviso de Privacidad"},"content":{"rendered":"\t\t<div data-elementor-type=\"wp-page\" data-elementor-id=\"3\" class=\"elementor elementor-3\">\n\t\t\t\t\t\t\t<div class=\"elementor-element elementor-element-5aed23d e-container--column e-container\" data-id=\"5aed23d\" data-element_type=\"container\">\t\t\t\t<div class=\"elementor-element elementor-element-625429c elementor-widget elementor-widget-spacer\" data-id=\"625429c\" data-element_type=\"widget\" data-widget_type=\"spacer.default\">\n\t\t\t\t<div class=\"elementor-widget-container\">\n\t\t\t<style>\/*! elementor - v3.7.8 - 02-10-2022 *\/\n.elementor-column .elementor-spacer-inner{height:var(--spacer-size)}.e-container{--container-widget-width:100%}.e-container>.elementor-widget-spacer{width:var(--container-widget-width,var(--spacer-size));-ms-flex-item-align:stretch;align-self:stretch;-ms-flex-negative:0;flex-shrink:0}.e-container>.elementor-widget-spacer>.elementor-widget-container,.e-container>.elementor-widget-spacer>.elementor-widget-container>.elementor-spacer{height:100%}.e-container>.elementor-widget-spacer>.elementor-widget-container>.elementor-spacer>.elementor-spacer-inner{height:var(--container-widget-height,var(--spacer-size))}<\/style>\t\t<div class=\"elementor-spacer\">\n\t\t\t<div class=\"elementor-spacer-inner\"><\/div>\n\t\t<\/div>\n\t\t\t\t<\/div>\n\t\t\t\t<\/div>\n\t\t<\/div><div class=\"elementor-element elementor-element-7f83e99 e-container--column e-container\" data-id=\"7f83e99\" data-element_type=\"container\" data-settings=\"{&quot;background_background&quot;:&quot;classic&quot;}\">\t\t<div class=\"elementor-element elementor-element-560c6c0 e-container--column e-container\" data-id=\"560c6c0\" data-element_type=\"container\">\t\t\t\t<div class=\"elementor-element elementor-element-58c5a23 elementor-widget elementor-widget-heading\" data-id=\"58c5a23\" data-element_type=\"widget\" data-widget_type=\"heading.default\">\n\t\t\t\t<div class=\"elementor-widget-container\">\n\t\t\t<style>\/*! elementor - v3.7.8 - 02-10-2022 *\/\n.elementor-heading-title{padding:0;margin:0;line-height:1}.elementor-widget-heading .elementor-heading-title[class*=elementor-size-]>a{color:inherit;font-size:inherit;line-height:inherit}.elementor-widget-heading .elementor-heading-title.elementor-size-small{font-size:15px}.elementor-widget-heading .elementor-heading-title.elementor-size-medium{font-size:19px}.elementor-widget-heading .elementor-heading-title.elementor-size-large{font-size:29px}.elementor-widget-heading .elementor-heading-title.elementor-size-xl{font-size:39px}.elementor-widget-heading .elementor-heading-title.elementor-size-xxl{font-size:59px}<\/style><h2 class=\"elementor-heading-title elementor-size-default\">Aviso de Privacidad<\/h2>\t\t<\/div>\n\t\t\t\t<\/div>\n\t\t<\/div><\/div><div class=\"elementor-element elementor-element-4bb54ab e-container--column e-container\" data-id=\"4bb54ab\" data-element_type=\"container\">\t\t\t\t<div class=\"elementor-element elementor-element-51c4773 elementor-widget elementor-widget-shortcode\" data-id=\"51c4773\" data-element_type=\"widget\" data-widget_type=\"shortcode.default\">\n\t\t\t\t<div class=\"elementor-widget-container\">\n\t\t\t\t\t<div class=\"elementor-shortcode\"><h2>Aviso de privacidad<\/h2><p>17\/01\/2019<\/p><p><strong>ATENCI\u00d3N CIUDADANA DE EL GRUPO PARLAMENTARIO MORENA<\/strong><\/p>\n<p>La C\u00e1mara de Diputados, con domicilio en Avenida Congreso de la Uni\u00f3n, Colonia El Parque, no. 66, Alcald\u00eda Venustiano Carranza, C.P 15960, Ciudad de M\u00e9xico, es el responsable del tratamiento de los datos personales que nos proporcione; el Grupo Parlamentario de MORENA mismo domicilio, edificio B, primer piso, es el sujeto responsable de la C\u00e1mara de Diputados, el cual recabar\u00e1 y procesar\u00e1 los datos personales.<\/p>\n<p><strong>\u00bfPara qu\u00e9 ser\u00e1n utilizados sus datos personales?<\/strong> <\/p>\n<p>El Grupo parlamentario de MORENA utilizar\u00e1 sus datos personales para las siguientes finalidades: <\/p>\n<p>Tramitar las solicitudes de Atenci\u00f3n Ciudadana ante la autoridad competente;<br \/>\nControl y registro interno de las solicitudes de Atenci\u00f3n Ciudadana que ingresan al Grupo Parlamentario de MORENA. <\/p>\n<p><strong>\u00bfQu\u00e9 datos personales podr\u00edan ser recabados?<\/strong><\/p>\n<p>Nombre completo;<br \/>\nCopia de credencial de elector; <br \/>\nProcedencia;<br \/>\nCorreo electr\u00f3nico;<br \/>\nTel\u00e9fono;<br \/>\nFirma; <br \/>\nDomicilio; <\/p>\n<p><strong>\u00bfQu\u00e9 datos sensibles podr\u00edan ser recabados?<\/strong><\/p>\n<p>Discapacidad;<br \/>\nEstado de salud;<\/p>\n<p><strong>Transferencia de datos personales <\/strong><\/p>\n<p>Se informa que el Grupo Parlamentario MORENA transferir\u00e1 sus datos personales y sensibles a las autoridades competentes para la correcta y oportuna atenci\u00f3n de las distintas Solicitudes de Atenci\u00f3n Ciudadana, en raz\u00f3n de encontrarse en el supuesto del art\u00edculo 70, fracciones I y II de la Ley General de Protecci\u00f3n de Datos Personales en Posesi\u00f3n de Sujetos Obligados, y no se requiere recabar su consentimiento. <br \/>\nSe transferir\u00e1n a: <br \/>\nAutoridades Federales y Locales de los tres \u00f3rdenes de gobierno, as\u00ed como a Organizaciones No Gubernamentales, obedeciendo a la Solicitud que el ciudadano haga al Grupo Parlamentario MORENA.<\/p>\n<p><strong>\u00bfC\u00f3mo puede acceder, rectificar, cancelar u oponerse a su uso de sus datos personales?<\/strong><\/p>\n<p>Usted tiene derecho de acceder a sus datos personales poseemos y a los detalles del tratamiento de los mismos, as\u00ed como a rectificarlos en caso de ser inexactos o incompletos; cancelarlos cuando considere que no se requieren para alguna de las finalidades se\u00f1alados en el presente aviso de privacidad, est\u00e9n siendo utilizados para finalidades no consentidas o haya finalizado la relaci\u00f3n contractual o de servicio, o bien, oponerse al tratamiento de los mismos para fines espec\u00edficos de conformidad con lo establecido en T\u00edtulo Tercero, Cap\u00edtulo Primero y Segundo de la Ley General de Protecci\u00f3n de Datos Personales en Posesi\u00f3n de Sujetos Obligados.<\/p>\n<p>Podr\u00e1 conocer el procedimiento, los medios, as\u00ed como ejercer sus derechos de acceso, rectificaci\u00f3n, cancelaci\u00f3n u oposici\u00f3n de sus datos personales (derechos ARCO) directamente ante la Unidad de Transparencia de este \u00f3rgano legislativo, ubicada en Avenida Congreso de la Uni\u00f3n N. 66, Edificio \u201cE\u201d, Planta Baja, ala Norte Colonia El Parque, Alcald\u00eda Venustiano Carranza, Ciudad de M\u00e9xico C.P 15960, en el tel\u00e9fono 50360000 ext. 55033; o bien, a trav\u00e9s de la Plataforma Nacional de Transparencia (<a href=\"http:\/\/www.plataformadetransparencia.org.mx\">http:\/\/www.plataformadetransparencia.org.mx\/<\/a>).  <\/p>\n<p>La Unidad de Transparencia, comunicar\u00e1 al solicitante, en un plazo no mayor a veinte d\u00edas h\u00e1biles contados a partir del d\u00eda siguiente en que fue recibida la solicitud, el acceso, la cancelaci\u00f3n o rectificaci\u00f3n y en su caso, las razones o fundamentos por las cuales no procedieron dichas acciones.<\/p>\n<p>La entrega de los Datos Personales ser\u00e1 gratuita, debiendo cubrir el Titular \u00fanicamente los gastos de reproducci\u00f3n, certificaci\u00f3n o env\u00edo conforme a la normatividad que resulte aplicable. <\/p>\n<p>Cuando el titular proporcione el medio magn\u00e9tico, electr\u00f3nico o el mecanismo necesario para reproducir los datos personales, los mismos ser\u00e1n entregados sin costo a \u00e9ste.<\/p>\n<p><strong>\u00bfC\u00f3mo puede manifestar su negativa al tratamiento de sus datos personales para las finalidades antes descritas? <\/strong><\/p>\n<p>Nos comprometemos a tomar las medidas necesarias para proteger la informaci\u00f3n que se nos hace llegar, la cual ser\u00e1 resguardada en nuestra base de datos; para poder limitar el uso o divulgaci\u00f3n de sus datos personales, as\u00ed como para manifestar su negativa al tratamiento, ponemos a disposici\u00f3n el correo electr\u00f3nico: <br \/>transparencia.solicitudes@congreso.gob.mx , as\u00ed como en el correo transparenciagpmorena@diputados.gob.mx <\/p>\n<p>Sin embargo, le informamos que sus datos personales requeridos son necesarios para poder dar atenci\u00f3n al presente tratamiento; y en caso de que sean difundidos de manera distinta a las finalidades antes descritas, requerimos su consentimiento expreso. <\/p>\n<p><strong>\u00bfC\u00f3mo puede conocer los cambios a este aviso de privacidad? <\/strong><\/p>\n<p>El Grupo Parlamentario MORENA, se reserva su derecho a realizar cambios en el presente aviso de privacidad, los cuales ser\u00e1n dados a conocer a trav\u00e9s del portal: <a href=\"www.morena.org\">www.morena.org<\/a>, o de manera presencial en las instalaciones del misma.  <\/p>\n<p><strong>Temporalidad de los Datos Personales<\/strong><\/p>\n<p>Sus datos personales ser\u00e1n bloqueados y eliminados de nuestros sistemas al finalizar la LXIV Legislatura. <\/p>\n<p><strong>Fundamento legal<\/strong><\/p>\n<p>El tratamiento de sus datos personales se realiza con fundamento en los art\u00edculos 23 y 68 de la Ley General de Transparencia y Acceso a la informaci\u00f3n P\u00fablica, \u00faltima reforma DOF 04.05.15; 22, fracci\u00f3n II, de la Ley General de Protecci\u00f3n de Datos Personales en Posesi\u00f3n de Sujetos Obligados, \u00faltima reforma DOF 26.01.17; y el art\u00edculo 8, de la Constituci\u00f3n Pol\u00edtica de los Estados Unidos Mexicanos, \u00faltima reforma DOF 05.02.1917<\/p>\n<p>Fecha de elaboraci\u00f3n: 27.11.2018 <\/p>\n<p>\u00daltima Actualizaci\u00f3n: 18.12.18 <\/p>\n<\/div>\n\t\t\t\t<\/div>\n\t\t\t\t<\/div>\n\t\t<\/div>\t\t\t\t\t<\/div>\n\t\t","protected":false},"excerpt":{"rendered":"<p>Aviso de Privacidad<\/p>\n","protected":false},"author":1,"featured_media":0,"parent":0,"menu_order":0,"comment_status":"closed","ping_status":"closed","template":"","meta":[],"blocksy_meta":{"styles_descriptor":{"styles":{"desktop":"","tablet":"","mobile":""},"google_fonts":[],"version":5}},"_links":{"self":[{"href":"https:\/\/www.diputadosmorena.org.mx\/diputados\/julio-moreno\/wp-json\/wp\/v2\/pages\/3"}],"collection":[{"href":"https:\/\/www.diputadosmorena.org.mx\/diputados\/julio-moreno\/wp-json\/wp\/v2\/pages"}],"about":[{"href":"https:\/\/www.diputadosmorena.org.mx\/diputados\/julio-moreno\/wp-json\/wp\/v2\/types\/page"}],"author":[{"embeddable":true,"href":"https:\/\/www.diputadosmorena.org.mx\/diputados\/julio-moreno\/wp-json\/wp\/v2\/users\/1"}],"replies":[{"embeddable":true,"href":"https:\/\/www.diputadosmorena.org.mx\/diputados\/julio-moreno\/wp-json\/wp\/v2\/comments?post=3"}],"version-history":[{"count":9,"href":"https:\/\/www.diputadosmorena.org.mx\/diputados\/julio-moreno\/wp-json\/wp\/v2\/pages\/3\/revisions"}],"predecessor-version":[{"id":4743,"href":"https:\/\/www.diputadosmorena.org.mx\/diputados\/julio-moreno\/wp-json\/wp\/v2\/pages\/3\/revisions\/4743"}],"wp:attachment":[{"href":"https:\/\/www.diputadosmorena.org.mx\/diputados\/julio-moreno\/wp-json\/wp\/v2\/media?parent=3"}],"curies":[{"name":"wp","href":"https:\/\/api.w.org\/{rel}","templated":true}]}}